{"id":1060,"date":"2020-06-17T15:14:02","date_gmt":"2020-06-17T15:14:02","guid":{"rendered":"https:\/\/erzgraeber.de\/?page_id=1060"},"modified":"2020-06-17T15:15:44","modified_gmt":"2020-06-17T15:15:44","slug":"reinigungsmittel","status":"publish","type":"page","link":"https:\/\/erzgraeber.de\/?page_id=1060","title":{"rendered":"Reinigungsmittel"},"content":{"rendered":"\n<figure class=\"wp-block-table is-style-stripes\"><table><tbody><tr><td>Geschirrreiniger <\/td><td>110\/115 \u2192 fl\u00fcssig<br>200\/210 \u2192 Pulver<\/td><\/tr><tr><td>100 Gl\u00e4serreiniger <\/td><td><\/td><\/tr><tr><td>Sp\u00fcltabs<\/td><td>f\u00fcr Gewerbe- und Haushaltssp\u00fclmaschinen<\/td><\/tr><tr><td>Exporit 700 <\/td><td>sauer<\/td><\/tr><tr><td>Klarsp\u00fcler<\/td><td>500\/510<\/td><\/tr><tr><td>320 Rauchteerl\u00f6ser<\/td><td><\/td><\/tr><tr><td>Desinfektionsschaumreiniger<\/td><td>TR20\/TR30<\/td><\/tr><tr><td>Eiwei\u00df- und Fettl\u00f6ser<\/td><td>350\/360<br>Pulver\/fl\u00fcssig<\/td><\/tr><tr><td>Backofen- und Grillreiniger<\/td><td><\/td><\/tr><tr><td>301 Tauchreiniger<\/td><td>f\u00fcr Backbleche und Formen<\/td><\/tr><tr><td>Triol<\/td><td>hochkonzentrierter Fettl\u00f6ser<\/td><\/tr><tr><td>Spezialfettl\u00f6ser<\/td><td>Hygienereiniger<\/td><\/tr><tr><td>480 Milchschaum- und Sahnespenderreiniger<\/td><td><\/td><\/tr><tr><td>Edelstahlpflege-\u00d6l <\/td><td><\/td><\/tr><tr><td>Fensterglanz<\/td><td><\/td><\/tr><tr><td>290 Kaffeemaschinenreiniger<\/td><td>Pulver\/Tabs<\/td><\/tr><tr><td>295 Reinigungstabs<\/td><td>f\u00fcr Kaffeeautomaten<\/td><\/tr><tr><td>800 Stein- und Kunststoffreiniger<\/td><td><\/td><\/tr><tr><td>Grundreiniger F<\/td><td>gegen \u00d6l und Fettschmutz<\/td><\/tr><tr><td>balit Kraftreiniger<\/td><td>mit Frischeduft<\/td><\/tr><tr><td>Pavit Seifenreiniger<\/td><td>f\u00fcr Stein- und Kunststoffb\u00f6den<\/td><\/tr><tr><td>Blitzglanz<\/td><td>Mehrzweckemulsion\/<br>Grundierdispersion<\/td><\/tr><tr><td>Rentex Multikonzentrat<\/td><td>Unterhaltsreiniger<\/td><\/tr><tr><td>Soloquick<\/td><td>zersetzt Fett, tilgt Ger\u00fcche<br>F\u00fcr Abfl\u00fcsse geeignet<\/td><\/tr><tr><td>Fliesen- und Edelstahlreiniger<\/td><td><\/td><\/tr><tr><td>Alu-Reiniger<\/td><td>f\u00fcr Alugeschirr, Aluformen, Kochschr\u00e4nke und -kessel<\/td><\/tr><tr><td><\/td><td><\/td><\/tr><tr><td>Kalkl\u00f6ser<\/td><td>Pulver<\/td><\/tr><tr><td>710 Entkalker<\/td><td>fl\u00fcssig<\/td><\/tr><tr><td>Zitronenreiniger<\/td><td><\/td><\/tr><tr><td>P\u00f6kelmaschinenreiniger<\/td><td><\/td><\/tr><tr><td>Dosenglanz<\/td><td>Pulver<\/td><\/tr><tr><td>Renti FG Desinfektionsreiniger<\/td><td>wirkt bakterizid (z.B. Salmonellen) und fungizid (Pilze)<\/td><\/tr><tr><td>Renti DS Desinfektionsmittel<\/td><td>wirkt bakterizid und fungizid<\/td><\/tr><tr><td>Renti PR Desinfektionsmittel<\/td><td>schaumfrei, wirkt bakterizid, fungizid und viruzid<\/td><\/tr><tr><td>Antisept A plus<\/td><td>Schnelldesinfektion, wirkt bakterizid, fungizid, tuberkulozid und viruzid<\/td><\/tr><tr><td>Steril plus<\/td><td>Desinfektionskonzentrat auf Aktiv-Chlor-Basis<\/td><\/tr><tr><td>Schneidbrettreiniger<\/td><td><\/td><\/tr><tr><td>4712 Schnelldesinfektion<\/td><td><\/td><\/tr><tr><td>Perl-Glanz Seifencreme<\/td><td><\/td><\/tr><tr><td>Seeger-Seifencreme<\/td><td><\/td><\/tr><tr><td>405 Haut-H\u00e4nde Dekontamination<\/td><td>Antimikrobielle Waschlotion<\/td><\/tr><tr><td>400 H\u00e4ndedesinfektionsmittel<\/td><td>zum Einreiben<\/td><\/tr><tr><td>Spezial-Waschmittel<\/td><td><\/td><\/tr><tr><td>Pharm Vollwaschmittelkonzentrat<\/td><td>fl\u00fcssig<\/td><\/tr><tr><td>Fleckfrei<\/td><td><\/td><\/tr><tr><td>Hautschutzsalbe<\/td><td><\/td><\/tr><tr><td>husch color Buntwaschmittelkonzentrat<\/td><td><\/td><\/tr><tr><td>Rio Vollwaschmittel<\/td><td><\/td><\/tr><tr><td>Perlwei\u00df 60-95\u00b0 Vollwaschmittel<\/td><td>f\u00fcr chemotechnische Desinfektionsverfahren<\/td><\/tr><tr><td>W\u00e4scheweich Weichsp\u00fcler<\/td><td><\/td><\/tr><tr><td>Dioxyl Fleckl\u00f6ser und Fleckensalz<\/td><td><\/td><\/tr><tr><td>Annarol<\/td><td>Fettl\u00f6ser mild<\/td><\/tr><tr><td>Rational Reiniger<\/td><td><\/td><\/tr><tr><td>Care Tabs<\/td><td>Klarsp\u00fcler und Entkalker<\/td><\/tr><\/tbody><\/table><\/figure>\n","protected":false},"excerpt":{"rendered":"<p>Geschirrreiniger 110\/115 \u2192 fl\u00fcssig200\/210 \u2192 Pulver 100 Gl\u00e4serreiniger Sp\u00fcltabs f\u00fcr Gewerbe- und Haushaltssp\u00fclmaschinen Exporit 700 sauer Klarsp\u00fcler 500\/510 320 Rauchteerl\u00f6ser Desinfektionsschaumreiniger TR20\/TR30 Eiwei\u00df- und Fettl\u00f6ser 350\/360Pulver\/fl\u00fcssig Backofen- und Grillreiniger 301 Tauchreiniger f\u00fcr Backbleche und Formen Triol hochkonzentrierter Fettl\u00f6ser Spezialfettl\u00f6ser Hygienereiniger 480 Milchschaum- und Sahnespenderreiniger Edelstahlpflege-\u00d6l Fensterglanz 290 Kaffeemaschinenreiniger Pulver\/Tabs 295 Reinigungstabs f\u00fcr Kaffeeautomaten 800 Stein- [&hellip;]<\/p>\n","protected":false},"author":1,"featured_media":0,"parent":0,"menu_order":0,"comment_status":"closed","ping_status":"closed","template":"","meta":{"footnotes":""},"class_list":["post-1060","page","type-page","status-publish","hentry"],"jetpack_sharing_enabled":true,"_links":{"self":[{"href":"https:\/\/erzgraeber.de\/index.php?rest_route=\/wp\/v2\/pages\/1060"}],"collection":[{"href":"https:\/\/erzgraeber.de\/index.php?rest_route=\/wp\/v2\/pages"}],"about":[{"href":"https:\/\/erzgraeber.de\/index.php?rest_route=\/wp\/v2\/types\/page"}],"author":[{"embeddable":true,"href":"https:\/\/erzgraeber.de\/index.php?rest_route=\/wp\/v2\/users\/1"}],"replies":[{"embeddable":true,"href":"https:\/\/erzgraeber.de\/index.php?rest_route=%2Fwp%2Fv2%2Fcomments&post=1060"}],"version-history":[{"count":3,"href":"https:\/\/erzgraeber.de\/index.php?rest_route=\/wp\/v2\/pages\/1060\/revisions"}],"predecessor-version":[{"id":1074,"href":"https:\/\/erzgraeber.de\/index.php?rest_route=\/wp\/v2\/pages\/1060\/revisions\/1074"}],"wp:attachment":[{"href":"https:\/\/erzgraeber.de\/index.php?rest_route=%2Fwp%2Fv2%2Fmedia&parent=1060"}],"curies":[{"name":"wp","href":"https:\/\/api.w.org\/{rel}","templated":true}]}}