{"id":891,"date":"2020-05-05T12:55:46","date_gmt":"2020-05-05T12:55:46","guid":{"rendered":"https:\/\/erzgraeber.de\/?page_id=891"},"modified":"2020-05-27T13:06:16","modified_gmt":"2020-05-27T13:06:16","slug":"menueschalen","status":"publish","type":"page","link":"https:\/\/erzgraeber.de\/?page_id=891","title":{"rendered":"Gastronomiebedarf"},"content":{"rendered":"\n<p>Die folgenden Produkte und Listen sind jeweils nur kleine Ausz\u00fcge aus unserem umfangreichen Sortiment. Vermissen Sie etwas? Z\u00f6gern Sie nicht, uns anzurufen!<\/p>\n\n\n\n<h4 class=\"wp-block-heading\">Men\u00fcschalen und Boxen<\/h4>\n\n\n\n<figure class=\"wp-block-table is-style-stripes\"><table><tbody><tr><td>Men\u00fcbox zum Versiegeln<\/td><td>601 \/ 602 \/ 603 \/ 607 \/ 608 \/ 609<\/td><\/tr><tr><td>Men\u00fcbox mit Klappdeckel<\/td><td>1\/2\/3 teilig<\/td><\/tr><tr><td>Men\u00fcbox Lunch mit Klappdeckel<\/td><td><\/td><\/tr><tr><td>Men\u00fcschalen schwarz<\/td><td><\/td><\/tr><tr><td>Hamburgerboxen<\/td><td><\/td><\/tr><tr><td>Hamburgerpapier<\/td><td>Zeitungsdruck<\/td><\/tr><tr><td>Men\u00fcteller <\/td><td>f\u00fcr Suppe \/ 2-teilig \/ ungeteilt<\/td><\/tr><tr><td>Pizzakarton Positano <\/td><td>20&#215;20 cm \/ 28&#215;28 cm \/ Familienpizza 60&#215;40 cm<\/td><\/tr><\/tbody><\/table><\/figure>\n\n\n\n<h4 class=\"wp-block-heading\">Becher<\/h4>\n\n\n\n<figure class=\"wp-block-table is-style-stripes\"><table><tbody><tr><td>&#8211; viereck<br>&#8211; rund<br>&#8211; rechteck<br>&#8211; achteck<\/td><td>&#8211; klar \/ milchig \/ schwarz<\/td><td>mit oder ohne anh\u00e4ngendem Deckel<\/td><\/tr><tr><td>Kaffee To-Go Becher<\/td><td>0,2 l \/ 0,3 l \/\/ mit passenden Deckeln<\/td><td><\/td><\/tr><tr><td>Trinkbecher<\/td><td>0,2 l \/ 0,3 l \/0,5 l \/\/ wei\u00df und transparent \/\/ mit passenden Deckeln<\/td><td><\/td><\/tr><tr><td>R\u00fchrst\u00e4bchen<\/td><td>Plastik \/ Holz<\/td><td><\/td><\/tr><\/tbody><\/table><\/figure>\n\n\n\n<h4 class=\"wp-block-heading\">Salatschalen<\/h4>\n\n\n\n<figure class=\"wp-block-table is-style-stripes\"><table><tbody><tr><td>Salatschalen rund<\/td><td>B2 \/ B3<\/td><\/tr><\/tbody><\/table><\/figure>\n\n\n\n<h4 class=\"wp-block-heading\">Teller + Besteck<\/h4>\n\n\n\n<figure class=\"wp-block-table is-style-stripes\"><table><tbody><tr><td>Pappteller <\/td><td>rechteckig \/ versch. Gr\u00f6\u00dfen<br>rund \/ \u00d8 23 cm<\/td><\/tr><tr><td>Plastikteller<\/td><td>rund \u00d8 22 cm<\/td><\/tr><tr><td>Gabeln<\/td><td>wei\u00df \/\/ silber (80 mm)<\/td><\/tr><tr><td>Kuchengabeln<\/td><td><\/td><\/tr><tr><td>L\u00f6ffel<\/td><td>wei\u00df \/\/ silber (80 mm)<\/td><\/tr><tr><td>Kaffeel\u00f6ffel<\/td><td><\/td><\/tr><tr><td>Messer<\/td><td><\/td><\/tr><tr><td>Pommesgabeln <\/td><td>bunt gemischt<\/td><\/tr><tr><td>Servietten<\/td><td>33&#215;33 cm 1\/4 Falz \/\/ 1\/8 Falz<br>individuell gestaltbar!<\/td><\/tr><\/tbody><\/table><\/figure>\n\n\n\n<h4 class=\"wp-block-heading\">Speisentransportbeh\u00e4lter<\/h4>\n\n\n\n<figure class=\"wp-block-table is-style-stripes\"><table><tbody><tr><td>Kunststoff \/ Blancotherm<\/td><td>unbeheizt \/ beheizt \/ regelbar umluftbeheizt \/ fahrbar<br>verschiedene Gr\u00f6\u00dfen bestellbar!<\/td><\/tr><tr><td>gelb von Rieber<\/td><td>12 Einschubschienen \/ 6 Einsch\u00fcbe<\/td><\/tr><tr><td>Schaumstoffbeh\u00e4lter<br>f\u00fcr Pizzatransport<\/td><td>schwarz \/\/ 1\/1 GN \/\/ 1\/2 GN \/\/ verschiedene Gr\u00f6\u00dfen und Volumen verf\u00fcgbar; mit und ohne Deckel<\/td><\/tr><tr><td>Styropor <\/td><td>gr\u00fcn \/\/ Tainer in verschiedenen Gr\u00f6\u00dfen<\/td><\/tr><\/tbody><\/table><\/figure>\n\n\n\n<h4 class=\"wp-block-heading\">Pizzakartons<\/h4>\n\n\n\n<figure class=\"wp-block-table is-style-stripes\"><table><tbody><tr><td>Positano 20&#215;20 cm \/ 28&#215;28 cm \/ Familienpizza 60&#215;40 cm<\/td><td><\/td><\/tr><tr><td><\/td><td><\/td><\/tr><\/tbody><\/table><\/figure>\n","protected":false},"excerpt":{"rendered":"<p>Die folgenden Produkte und Listen sind jeweils nur kleine Ausz\u00fcge aus unserem umfangreichen Sortiment. Vermissen Sie etwas? Z\u00f6gern Sie nicht, uns anzurufen! Men\u00fcschalen und Boxen Men\u00fcbox zum Versiegeln 601 \/ 602 \/ 603 \/ 607 \/ 608 \/ 609 Men\u00fcbox mit Klappdeckel 1\/2\/3 teilig Men\u00fcbox Lunch mit Klappdeckel Men\u00fcschalen schwarz Hamburgerboxen Hamburgerpapier Zeitungsdruck Men\u00fcteller f\u00fcr [&hellip;]<\/p>\n","protected":false},"author":1,"featured_media":0,"parent":0,"menu_order":0,"comment_status":"closed","ping_status":"closed","template":"","meta":{"footnotes":""},"class_list":["post-891","page","type-page","status-publish","hentry"],"jetpack_sharing_enabled":true,"_links":{"self":[{"href":"https:\/\/erzgraeber.de\/index.php?rest_route=\/wp\/v2\/pages\/891"}],"collection":[{"href":"https:\/\/erzgraeber.de\/index.php?rest_route=\/wp\/v2\/pages"}],"about":[{"href":"https:\/\/erzgraeber.de\/index.php?rest_route=\/wp\/v2\/types\/page"}],"author":[{"embeddable":true,"href":"https:\/\/erzgraeber.de\/index.php?rest_route=\/wp\/v2\/users\/1"}],"replies":[{"embeddable":true,"href":"https:\/\/erzgraeber.de\/index.php?rest_route=%2Fwp%2Fv2%2Fcomments&post=891"}],"version-history":[{"count":13,"href":"https:\/\/erzgraeber.de\/index.php?rest_route=\/wp\/v2\/pages\/891\/revisions"}],"predecessor-version":[{"id":975,"href":"https:\/\/erzgraeber.de\/index.php?rest_route=\/wp\/v2\/pages\/891\/revisions\/975"}],"wp:attachment":[{"href":"https:\/\/erzgraeber.de\/index.php?rest_route=%2Fwp%2Fv2%2Fmedia&parent=891"}],"curies":[{"name":"wp","href":"https:\/\/api.w.org\/{rel}","templated":true}]}}